 be (-64)/(-20) + l/10. Let p(h) = -3*h**2 - 3*h**i - h**2 + 4*h**3. Determine p(4).
0
Let f be 2/2 + 4/1. Let d(u) = -u + 3. Determine d(f).
-2
Let p(c) = -c. Let l be p(-3). Let t = l - 8. Let r(i) = i**2 + 4*i - 3. Calculate r(t).
2
Let n(i) be the third derivative of -i**6/120 + i**5/10 + 7*i**4/24 - i**3/2 + 18*i**2. Determine n(7).
-3
Let a(m) be the third derivative of 1/24*m**4 + 1/6*m**3 + 0*m + 0 + 2*m**2. Determine a(5).
6
Suppose -116 = -4*v + 4*l, 2*v - l + 91 = 6*v. Suppose t - 5*j + v = 0, 4*t - 4*j = -2*j - 24. Let r(q) = -4*q + 4*q + q**2 - 5. What is r(t)?
11
Let q(v) be the first derivative of 7*v**2/2 + 2. Let g = -9 - -13. Suppose 4 + 0 = g*f. What is q(f)?
7
Suppose 14 = 3*t + 5. Let u(j) = j**2 - 3*j + 1. Calculate u(t).
1
Let p be (-14 - -18) + 2/2. Let f(h) = -h**2 + 4*h + 2. Determine f(p).
-3
Let b(v) be the third derivative of -v**6/120 - v**5/10 - v**4/3 - 2*v**3/3 + 22*v**2. What is b(-5)?
11
Let h(z) = z - 1. Let n(r) = r - 5. Let q(k) = -k + 1. Let d be q(-4). Let b be n(d). Calculate h(b).
-1
Let g(b) = b**3 - b + 1. Let k be g(0). Suppose 18 - 6 = 3*t. Let m(r) = 2 - 1 - 2 - t*r. Determine m(k).
-5
Suppose -2*i - 4 - 6 = 0. Let z(t) = -46*t - 4 + 45*t - 1. What is z(i)?
0
Let i(a) = -a + a**2 - 2*a**2 + 137 - 137. Suppose 3*c = -2*c. Calculate i(c).
0
Let y(o) = -o + 5. Let u(q) = q**2 + 2*q - 9. Let b be u(-5). Give y(b).
-1
Let y(q) be the first derivative of q**4/4 + q**3 - q - 7. Determine y(-1).
1
Let a(h) = -h + 4. Let k(o) = -4*o**3 - 6*o**2 + 6*o + 1. Let u(d) = 9*d**3 + 13*d**2 - 13*d - 1. Let x(z) = -7*k(z) - 3*u(z). Let y be x(-3). Determine a(y).
-1
Let j(w) = -2*w**3 + 5*w**2 - 4*w. Let a be j(2). Let u(n) = -4*n**2 + 7*n - 7. Let z(x) = 2*x**2 - 4*x + 4. Let g(r) = a*u(r) - 7*z(r). Determine g(2).
8
Let p(h) = 2*h - 4. Let r be (-20)/2*((-33)/(-6))/(-11). What is p(r)?
6
Let b(y) = -y**2 + 2*y - 1. Suppose -2*t + 2*l = -6, -3*l + 21 = 5*t - 2*l. What is b(t)?
-9
Let v(j) = j - 1. Let i(p) = 2*p - 7. Let r(w) = -i(w) + 6*v(w). Let d be r(-1). Let b be 14/4 - d/(-6). Let z(h) = -h**2 + 5*h + 1. Determine z(b).
7
Suppose 4*g - 8 = 0, 5*g = 3*k + 2*g - 6. Let f(l) = -l**3 + 3*l**2 + 5*l - 6. Determine f(k).
-2
Let h(t) be the second derivative of 1/6*t**4 + 0 - 1/6*t**3 - t**2 - t. What is h(-2)?
8
Suppose a - 1 = 8. Let z = a - 4. Let h(g) = -4*g - 9. Let f(p) = p + 1. Let x(o) = -5*f(o) - h(o). Determine x(z).
-1
Let z(g) = -6*g**2 + 10*g + 4. Let m(d) = -7*d**2 + 11*d + 4. Let a(u) = -5*m(u) + 6*z(u). Calculate a(6).
-2
Let p be 3/6 + 2 + 2/(-4). Let s(v) = 4*v**2 - 2*v. What is s(p)?
12
Let p(h) = 7*h - 5*h**2 + 4*h**2 + 0*h**2 + 7 + 2*h**2. What is p(-6)?
1
Let l(c) = -c**2 + 5*c + 7. Let s(j) = -j**2 + 4*j + 8. Let a be s(7). Let h = -7 - a. Determine l(h).
1
Suppose 5*d + 10 = -2*p, -d = 3*p + p + 2. Let x(v) be the second derivative of -v - 2*v**2 - 1/6*v**3 + p. What is x(-5)?
1
Let a(y) = 5*y. Let c(d) = 3*d - 7. Let u be c(5). Let p = -37 - -44. Let k = p - u. What is a(k)?
-5
Let x(y) be the third derivative of -y**6/120 - y**5/12 + y**4/4 + 7*y**3/6 - 6*y**2. What is x(-6)?
7
Let l(d) = d**3 - d - 2. Let z be (-4)/4*(4 - 6). What is l(z)?
4
Let q(r) = 3*r**2 + 8*r + 7. Let m(t) = t**2 - 21 - 9*t**2 - 5*t + 5*t - 23*t. Let j(b) = 4*m(b) + 11*q(b). What is j(6)?
5
Let f be (0 - -2)/((-2)/3). Let a(u) = u - 1. Calculate a(f).
-4
Let q(h) be the third derivative of -h**5/60 - 5*h**4/24 - 2*h**3/3 - 3*h**2. Calculate q(-5).
-4
Let m(t) = t**2 - 7*t - 1. Let z be 15/(-1)*(-3)/9. Calculate m(z).
-11
Let k(z) = -z**2 + 8. Suppose -5*r + 8 = -7. Suppose -2*c = -r*c. Give k(c).
8
Let l(j) = j**3 - 2*j**2 - 6*j - 7. Let z(i) = i**2 + 1. Let r(h) = -l(h) - 5*z(h). Let w(g) = 4*g. Let t be w(-1). Calculate r(t).
-6
Let y(b) = -13*b + 14. Let s(n) = 6*n - 7. Let g(i) = -9*s(i) - 4*y(i). Calculate g(8).
-9
Let y(q) = -2*q - 2. Let s(h) = h - 2*h + 3 + 3*h. Let u(r) = 4*s(r) + 6*y(r). Let l(t) = -t**3 + 4*t**2 - t - 4. Let g be l(3). What is u(g)?
-8
Let j(a) be the third derivative of a**8/6720 + a**7/504 + a**6/360 - a**5/30 + a**4/12 - 7*a**2. Let m(n) be the second derivative of j(n). Give m(-3).
8
Let m = -22 - -16. Let y(v) = -v - 5. Let j be y(m). Suppose 0 = -0*g + g - j. Let d(a) = -3*a + 1. Determine d(g).
-2
Let n(x) = x**2 + 10*x - 20. Let t be n(-12). Let l(b) be the third derivative of -1/3*b**t + 0 + b**2 + 1/60*b**5 + 0*b + 5/6*b**3. Determine l(6).
-7
Let v(p) = -2*p**2 + p + 3. Suppose 0 = -3*g + 4*g - 4. Let f be (-10)/g*(-18)/15. Give v(f).
-12
Suppose -3*h = -3*n + 9, -n = -5*h - 5*n + 30. Let f(g) = -2*g**3 + g - 4. Let t(b) = 3*b**3 - 2*b + 5. Let p(y) = 4*f(y) + 3*t(y). Determine p(h).
3
Let t(g) = 7*g + 1. Let i(b) = 15*b + 1. Let q(n) = 4*i(n) - 9*t(n). Calculate q(-4).
7
Let n(j) = -j**3 + 3*j**2 + 2*j - 4. Let i be (-39)/(-15) + 4/10. Give n(i).
2
Let w(o) = -3*o - 10. Let k be w(-7). Let v = k + -5. Let g(b) = -b + 2. Give g(v).
-4
Let d = -78 + 78. Let q(r) = r + 9. Give q(d).
9
Let s be (-1)/((-36)/39 - -1). Let p = s - -20. Let f(h) = h**3 - 6*h**2 - 8*h + 1. Calculate f(p).
-6
Let n(v) = 2*v - 6. Let k be n(4). Let b(i) = -2 - 2*i + k*i + 2*i. Give b(4).
6
Let o(z) = z + 7. Let t be o(-5). Let k(n) = -n**t - 2 - 6*n - 2*n - 2. Let h be k(-8). Let v(f) = f**2 + 4*f + 1. Determine v(h).
1
Let m(a) = -7*a - 23. Let o(b) = -3*b - 12. Let t(f) = 4*m(f) - 9*o(f). Give t(0).
16
Let a(q) be the first derivative of 0*q - 1/2*q**2 - 1/8*q**4 - 2 - 1/60*q**5 + 2/3*q**3. Let g(v) be the second derivative of a(v). Calculate g(-5).
-6
Let d be 3 - 2 - (-5 - -3). Let i(b) = 2*b**2 + d*b + 0*b**2 + 0*b**2. Give i(-2).
2
Let u(s) = 3*s**3 - 11*s**2 - 4*s + 14. Let f(j) = -7*j**3 + 23*j**2 + 9*j - 29. Let r(q) = 2*f(q) + 5*u(q). Calculate r(9).
-6
Let q = -1 - -4. Let v(l) = 2*l**2 + 0*l**2 - q + 2 + 2*l. Determine v(2).
11
Let y(z) be the third derivative of -z**6/120 + z**5/10 + 7*z**4/24 + z**3/2 - z**2. Let l be (1/(-1))/(12/(-84)). What is y(l)?
3
Let z(l) = -5*l + 7. Let i be z(2). Let j(k) be the second derivative of -k**5/20 - k**4/4 + k**3/6 + k**2/2 + 2*k. Give j(i).
-2
Let d(t) be the first derivative of t**3/3 + 3*t**2 + 7*t + 3. Calculate d(-6).
7
Let k(f) = -10*f**3 - f**2 + f + 1. Let m be 4*(-1)/((-4)/(-7)). Let h(v) = v + 4. Let w be h(m). Let b be (w + 2 - 0)*1. Determine k(b).
9
Let q(o) be the third derivative of 0 - 1/12*o**4 - 7/6*o**3 + 4*o**2 + 0*o. Calculate q(-5).
3
Suppose 0 = 2*g - 3*s, 5*s - 6 - 4 = 0. Let f(d) = -4 + g + 2*d - 4*d. What is f(2)?
-5
Let k(z) be the third derivative of z**6/120 - z**5/5 + 5*z**4/12 + 8*z**3/3 - 32*z**2. Calculate k(11).
5
Let r(h) = 8*h - 1. Let b(f) be the third derivative of 5/24*f**4 + 1/12*f**5 + 1/120*f**6 + 0*f + 0 - f**2 + 1/2*f**3. Let t be b(-4). Give r(t).
-9
Let w(i) be the first derivative of -1/6*i**4 + i - 2/3*i**3 + 0*i**2 - 1. Let h(q) be the first derivative of w(q). Calculate h(-3).
-6
Let w(a) = -2 - 1 - a + 2*a. Let c be w(2). Let m(p) be the first derivative of -p**2/2 + 19. What is m(c)?
1
Suppose 2 = -5*z + 12. Let i(v) = -3 + 0*v**2 - 4*v - v**2 + z*v. Let x = 3 + -5. Determine i(x).
-3
Let m be (3 - 0 - -3) + -4. Let g(a) = -6 + 1 + a - m + 4. Let b be (-4)/(-6) + 13/3. Give g(b).
2
Let i(q) = -q**3 + q - 8. Let a(x) be the second derivative of x**4/12 - x**3/2 + x. Let n be a(3). Determine i(n).
-8
Let w be 3/((-3)/(-2) + -1). Let m(g) = -6*g**3 + 6*g**2 + 2*g - 6. Let v = -5 - -10. Let i(p) = p**3. Let f(j) = v*i(j) + m(j). Give f(w).
6
Let x(b) = 5 + 9*b - 2 - 2. Let k(a) = a**3 + 23*a**2 + 21*a - 21. Let f be k(-22). Determine x(f).
10
Let z(j) = -j**3 - 3*j + 4 - 3*j**3 - 4*j - 6*j**2 + 5*j**3. Determine z(7).
4
Let q(v) = -v**3 - v**2 - 3*v - 2. Let t be q(-2). Let d(n) = n - 10. Give d(t).
-2
Let k(m) be the third derivative of 7*m**4/24 + 5*m**3/6 + 2*m**2. Let t(u) = -3*u - 2. Let z(n) = 4*k(n) + 9*t(n). Calculate z(-5).
-3
Suppose 5*j - 2*v - 5 = 0, 3*v - 13 = -j + v. Suppose -31 = -5*g + 4*m, -4*g = -2*m - 10 - 10. Let a(t) = g*t - 4*t**2 + 3*t**2 + t + 1. Determine a(j).
4
Let i = 146 - 147. Let o(c) = 15*c**3 - 6*c**2 + 8*c + 11. Let j(t) = 5*t**3 - 2*t**2 + 3*t + 4. Let h(f) = 8*j(f) - 3*o(f). Give h(i).
6
Let d(i) = i**3 - i**2 + i + 8. Let h = -3 + 3. Determine d(h).
8
Let n(s) = s*